- 11*l**3/3 + 18*l**2. Let h be r(-4). Suppose -h*i + 40 = -9*i. Calculate the greatest common divisor of i and 50.
10
Suppose 95*y + 28229 = 95679. Calculate the highest common factor of 10 and y.
10
Let y(k) = -k**3 + 8*k**2 - 6*k - 15. Let t be y(7). Let x be t + (-1)/((-5)/145). What is the highest common factor of 42 and x?
21
Suppose 16*i - 363 = 17*i. Let x = i + 517. Calculate the greatest common divisor of x and 14.
14
Suppose -34*o - 805 = -4749. Suppose -3*n - 9 = 0, 0 = 5*j + 5*n - 24 - 106. What is the highest common divisor of j and o?
29
Suppose 4*y + 50 + 30 = x, -2*y = -x + 38. Let b be (-657)/y + (-24)/84. Calculate the highest common divisor of 248 and b.
31
Let m(r) = -956*r - 254. Let w be m(-1). What is the greatest common factor of w and 312?
78
Let m(y) = -517*y - 7731. Let v be m(-18). Calculate the greatest common factor of v and 6.
3
Suppose 4*g + b + 6 + 5 = 0, 16 = -4*g + 4*b. Let c(d) = 3*d**2 - 10*d - 22. Let v be c(g). Calculate the highest common divisor of v and 315.
35
Let x(q) = 12*q**2 + 762*q - 2282. Let f be x(3). Let g = 672 + -476. Calculate the greatest common factor of f and g.
28
Let b = -32 + 44. Let s(a) = -18*a + 156. Let t be s(8). Calculate the greatest common factor of b and t.
12
Let x(g) = -5*g. Let d be x(-4). Suppose 0 = 14*l + 1431 + 795. Let p = 379 + l. Calculate the greatest common divisor of p and d.
20
Suppose -3*i + 2*r + 5027 = 0, r - 4550 + 1187 = -2*i. Calculate the highest common factor of 146 and i.
73
Let v be (-338)/(-7) - (-4)/(-14). Suppose -4379 = 4*h - 5*w - 4573, 2*w + 92 = 2*h. Calculate the highest common divisor of v and h.
12
Suppose 22 = 2*g - 4*u + 6, 4*g - 22 = 3*u. What is the highest common divisor of 578 and g?
2
Let t(y) be the first derivative of -8*y**2 + 15*y - 3. Let h be t(-8). What is the greatest common divisor of 33 and h?
11
Let j = -18155 + 18806. Calculate the greatest common divisor of j and 3999.
93
Suppose 5250 = 370*l - 320*l. Calculate the greatest common divisor of l and 455.
35
Let j(d) = -2*d + 95. Let v be j(-8). Let w = 171 - v. Calculate the highest common factor of w and 48.
12
Let g = -1490 + 3040. What is the greatest common factor of g and 150?
50
Suppose -3*v + 830 = -2*a, -5*v + 8*v - 3*a = 834. Calculate the highest common factor of 4 and v.
2
Let w = 13 - -386. Let v be ((-9)/15*(-540)/(-324))/(1/(-114)). Calculate the highest common divisor of v and w.
57
Suppose -6*u + 5*f = -11104, 3*u - 4*f - 4671 = 884. What is the highest common factor of u and 43?
43
Suppose -3*u + 3*z = -2078 + 656, 4*z = 12. Calculate the greatest common factor of 45 and u.
9
Let y be (1*13)/((-64)/(-12) - 5). Let i be (-5899)/68 - 1/4. Let d = i - -516. What is the greatest common divisor of y and d?
39
Let f(i) = i**2 + 11*i. Let a be f(-10). Let r be (-8)/a - (-862)/10. Let z = 7 - -22. What is the highest common factor of r and z?
29
Let f = -1762 + 2386. Calculate the greatest common divisor of f and 816.
48
Let s = 209 + -189. Suppose -5*g = -3*f - 2288, -155 = -g + 5*f + 285. Calculate the highest common divisor of g and s.
20
Let r = 35 + -31. Suppose 3 = 3*q, -49 = -r*p - q + 24. Suppose -a + 7 = 2*x - 5, -x + 33 = 2*a. What is the greatest common factor of p and a?
18
Suppose 8*d = 5*d + 4*b - 3, 3*b = 9. Suppose -5*i + 49 = 3*h, -d + 28 = 5*i. Suppose 39 = 3*g - 57. What is the greatest common divisor of h and g?
8
Suppose 62*i - 66*i + 76 = 2*g, -148 = -5*g - 4*i. Calculate the highest common factor of 5272 and g.
8
Let z(b) = b**3 + 24*b**2 - 134*b - 586. Let l be z(-28). Suppose 2*i = -i + 855. What is the highest common factor of l and i?
15
Let p = 5817 + -5707. Suppose 4*s + 330 = 9*s. Calculate the highest common divisor of s and p.
22
Let i be (-8*(-172)/40)/((132/(-275))/(-6)). Calculate the highest common divisor of 7138 and i.
86
Let y(v) = -v**3 + 11*v**2 + 89*v - 811. Let u be y(11). Calculate the greatest common divisor of 18648 and u.
168
Suppose 43*a - 1488 = 12*a. Suppose 3*v + u - 99 = 10, -2*u = -v + a. Calculate the greatest common divisor of 2 and v.
2
Let q(m) = m**2 - 52*m - 159. Let h be q(57). Suppose -r = 0, y - 2*r = -0*y - 81. Let v = y + h. Calculate the greatest common divisor of 5 and v.
5
Suppose 0 = 33*x - x + 224. Let y(n) = -n**3 - 7*n**2 + 2*n + 20. Let m be y(x). Calculate the highest common divisor of 240 and m.
6
Let n = -31 + 37. Suppose n*y - y - 10 = 0. Let p be (4 - (-51)/6) + (-1)/y. What is the highest common divisor of 3 and p?
3
Let f(g) = g - 56. Suppose -2*t + 49 = 3*z - 0*t, 54 = 3*z - 3*t. Let s be f(z). Let b be s/(-2) + 2*(-3)/(-12). Calculate the highest common factor of 8 and b.
4
Let q be -2 + ((-255)/(-60)*877 - (-6)/8). What is the highest common divisor of q and 567?
81
Let j(x) = x**2 + 4*x + 8. Let o be j(-3). Suppose o*c - 44 = 46. Suppose 0 = -0*q + 3*q - 36. Calculate the greatest common factor of c and q.
6
Let u = -17 + 39. Let z be ((-3)/(-1))/((-30)/(-20)). Suppose g + 0*o - 19 = -z*o, 0 = 5*g + 4*o - 71. Calculate the highest common factor of u and g.
11
Let d = 808 + -140. Let c = d + -388. What is the highest common divisor of c and 8?
8
Suppose 138*a - 8256 = -30*a - 90*a. Let p(y) = 5*y**2 - 2*y. Let s be p(-2). Let c be (-12)/((-2)/(s/9)). Calculate the greatest common factor of a and c.
16
Suppose 0 = -61*j - 182*j + 46*j + 107562. Calculate the greatest common factor of j and 1218.
42
Suppose -5*g - 15 = 10, -5*g - 277 = -6*i. Calculate the greatest common divisor of 686 and i.
14
Let j(d) = 211*d**2 + 8*d + 9. Suppose -2*y + 36*y = -34. Let o be j(y). Calculate the highest common divisor of 8 and o.
4
Let p(f) = -f**3 - 18*f**2 + 3*f + 2. Let h be p(-17). Let b = h + 340. Let r = -13 - -35. What is the greatest common factor of b and r?
2
Suppose -5150*f + 5192*f = 20790. Suppose l = 71 - 26. Calculate the greatest common factor of l and f.
45
Suppose -12 = 5*q - 3*q. Let l = 25 + q. Suppose -6*u + 635 + 545 = 382. Calculate the highest common factor of l and u.
19
Suppose 220*j + 60192 = 616*j. What is the highest common factor of 2546 and j?
38
Suppose -54180 = 4093*y - 4102*y. Calculate the greatest common factor of 172 and y.
172
Suppose -2*w = -t + 3 + 7, 0 = 2*w. Suppose -38*j + 47*j = 2007. Suppose 2*p - j = -43. What is the greatest common factor of t and p?
10
Let j(y) = -26*y**3 - y**2 - 5*y - 6. Suppose -2*w + 18 = -5*x, -5*w + 0*x + 7 = -3*x. Let c be j(w). Calculate the greatest common divisor of 12 and c.
12
Suppose 280*y = 202*y + 8346. What is the highest common divisor of 4601 and y?
107
Let v be ((-272)/(-56))/((-30)/(-1260)). What is the greatest common divisor of v and 1173?
51
Let u = -1233 + 1240. What is the highest common factor of 560 and u?
7
Suppose 4*o - 119*t - 168 = -116*t, -3*t = -12. Calculate the highest common factor of 10530 and o.
45
Let z be 25/5 + -3 - -7. Let b be 4/(-9) - (-148)/z. What is the highest common divisor of 112 and b?
16
Suppose -6 = -3*g, 11*g + 172 = 2*k + 13*g. Calculate the greatest common factor of 1407 and k.
21
Let z be -2*17*9/(-18). Suppose 2*c = -z + 25. Let d be (-1 - -2)*c - -3. What is the greatest common factor of 35 and d?
7
Let m be (-1*(0 - -321))/(62 + -63). Let b = m - 311. Calculate the greatest common factor of b and 245.
5
Let m = 843 - 725. Let j(p) = p**2 + 2*p + 6. Let a be j(-3). Let l(t) = -t**2 + 13*t + 23. Let k be l(a). What is the highest common factor of k and m?
59
Suppose -556 = -b - 165. Suppose 0 = 2*l + k - 51, k + 7142 = 7147. Calculate the highest common factor of l and b.
23
Let d(n) = 40*n**2 + 58*n - 108. Let x be d(2). Calculate the greatest common divisor of 312 and x.
24
Let y = -659 + 669. Suppose -4*b + 10 = -2*g, -5*b - 4*g + 0 = 20. Suppose -4*x + 200 = -b*x. Calculate the highest common factor of x and y.
10
Suppose -33393 = -30*v - 22833. Let k be 64/(-6)*(-1 + -2). Calculate the highest common divisor of k and v.
32
Suppose 0 = 5*q - 3*w - 85931, -w + 3221 = q - 13954. Calculate the highest common factor of q and 71.
71
Let o be (-16)/(3/4 + -1). Let w(x) = -19*x - 88. Let m be w(-7). Let h = o - m. What is the highest common divisor of h and 133?
19
Let a = 190 + -44. Let p = -138 + a. What is the greatest common divisor of 72 and p?
8
Suppose 0 = 2*k + 5*g - 12